{"id":2951,"date":"2023-05-24T17:34:32","date_gmt":"2023-05-24T20:34:32","guid":{"rendered":"https:\/\/laci.com.br\/site\/?page_id=2951"},"modified":"2023-05-25T17:03:48","modified_gmt":"2023-05-25T20:03:48","slug":"laci-vinhosa","status":"publish","type":"page","link":"https:\/\/laci.com.br\/site\/laci-vinhosa\/","title":{"rendered":"Laci Vinhosa"},"content":{"rendered":"\t\t<div data-elementor-type=\"wp-page\" data-elementor-id=\"2951\" class=\"elementor elementor-2951\">\n\t\t\t\t\t\t<div class=\"elementor-inner\">\n\t\t\t\t<div class=\"elementor-section-wrap\">\n\t\t\t\t\t\t\t\t\t<section class=\"elementor-section elementor-top-section elementor-element elementor-element-40289ed elementor-section-boxed elementor-section-height-default elementor-section-height-default\" data-id=\"40289ed\" data-element_type=\"section\">\n\t\t\t\t\t\t<div class=\"elementor-container elementor-column-gap-default\">\n\t\t\t\t\t\t\t<div class=\"elementor-row\">\n\t\t\t\t\t<div class=\"elementor-column elementor-col-50 elementor-top-column elementor-element elementor-element-44760f6\" data-id=\"44760f6\" data-element_type=\"column\">\n\t\t\t<div class=\"elementor-column-wrap elementor-element-populated\">\n\t\t\t\t\t\t\t<div class=\"elementor-widget-wrap\">\n\t\t\t\t\t\t<div class=\"elementor-element elementor-element-7448cff elementor-widget elementor-widget-wgl-image-layers\" data-id=\"7448cff\" data-element_type=\"widget\" data-widget_type=\"wgl-image-layers.default\">\n\t\t\t\t<div class=\"elementor-widget-container\">\n\t\t\t<div class=\"wgl-image-layers\"><div class=\"img-layer_image-wrapper slide_right\" style=\"z-index: 1\">\n                <div class=\"img-layer_item\" style=\"transform: translate(0%, 0%);\">\n                    <div class=\"img-layer_image\" style=\"transition: all 800ms; transition-delay: 600ms;\">\n                        <img decoding=\"async\" src=\"http:\/\/laci.com.br\/site\/wp-content\/uploads\/2023\/05\/vinhosa01.png\" alt=\"vinhosa01\" \/>\n                    <\/div>\n                <\/div>\n            <\/div> <div class=\"img-layer_image-wrapper slide_up\" style=\"z-index: 2\">\n                <div class=\"img-layer_item\" style=\"transform: translate(0%, 0%);\">\n                    <div class=\"img-layer_image\" style=\"transition: all 800ms; transition-delay: 1200ms;\">\n                        <img decoding=\"async\" src=\"http:\/\/laci.com.br\/site\/wp-content\/uploads\/2023\/05\/vinhosa02.png\" alt=\"vinhosa02\" \/>\n                    <\/div>\n                <\/div>\n            <\/div> <div class=\"img-layer_image-wrapper zoom_in\" style=\"z-index: 3\">\n                <div class=\"img-layer_item\" style=\"transform: translate(0%, 0%);\">\n                    <div class=\"img-layer_image\" style=\"transition: all 800ms; transition-delay: 1800ms;\">\n                        <img decoding=\"async\" src=\"http:\/\/laci.com.br\/site\/wp-content\/uploads\/2023\/01\/fundounidadelogo.png\" alt=\"fundounidadelogo\" \/>\n                    <\/div>\n                <\/div>\n            <\/div> <div class=\"img-layer_image-wrapper zoom_in\" style=\"z-index: 1\">\n                <div class=\"img-layer_item\" style=\"transform: translate(0%, 0%);\">\n                    <div class=\"img-layer_image\" style=\"transition: all 800ms; transition-delay: 2400ms;\">\n                        <img decoding=\"async\" src=\"http:\/\/laci.com.br\/site\/wp-content\/uploads\/2019\/08\/image-layers-2_4.png\" alt=\"image-layers-2_4\" \/>\n                    <\/div>\n                <\/div>\n            <\/div> <\/div>\t\t<\/div>\n\t\t\t\t<\/div>\n\t\t\t\t\t\t<\/div>\n\t\t\t\t\t<\/div>\n\t\t<\/div>\n\t\t\t\t<div class=\"elementor-column elementor-col-50 elementor-top-column elementor-element elementor-element-65c3bec\" data-id=\"65c3bec\" data-element_type=\"column\">\n\t\t\t<div class=\"elementor-column-wrap elementor-element-populated\">\n\t\t\t\t\t\t\t<div class=\"elementor-widget-wrap\">\n\t\t\t\t\t\t<div class=\"elementor-element elementor-element-eaa67fe elementor-widget elementor-widget-spacer\" data-id=\"eaa67fe\" data-element_type=\"widget\" data-widget_type=\"spacer.default\">\n\t\t\t\t<div class=\"elementor-widget-container\">\n\t\t\t<style>\/*! elementor - v3.14.0 - 18-06-2023 *\/\n.elementor-column .elementor-spacer-inner{height:var(--spacer-size)}.e-con{--container-widget-width:100%}.e-con-inner>.elementor-widget-spacer,.e-con>.elementor-widget-spacer{width:var(--container-widget-width,var(--spacer-size));--align-self:var(--container-widget-align-self,initial);--flex-shrink:0}.e-con-inner>.elementor-widget-spacer>.elementor-widget-container,.e-con-inner>.elementor-widget-spacer>.elementor-widget-container>.elementor-spacer,.e-con>.elementor-widget-spacer>.elementor-widget-container,.e-con>.elementor-widget-spacer>.elementor-widget-container>.elementor-spacer{height:100%}.e-con-inner>.elementor-widget-spacer>.elementor-widget-container>.elementor-spacer>.elementor-spacer-inner,.e-con>.elementor-widget-spacer>.elementor-widget-container>.elementor-spacer>.elementor-spacer-inner{height:var(--container-widget-height,var(--spacer-size))}<\/style>\t\t<div class=\"elementor-spacer\">\n\t\t\t<div class=\"elementor-spacer-inner\"><\/div>\n\t\t<\/div>\n\t\t\t\t<\/div>\n\t\t\t\t<\/div>\n\t\t\t\t<div class=\"elementor-element elementor-element-e3604a9 elementor-widget elementor-widget-wgl-double-headings\" data-id=\"e3604a9\" data-element_type=\"widget\" data-widget_type=\"wgl-double-headings.default\">\n\t\t\t\t<div class=\"elementor-widget-container\">\n\t\t\t<div class=\"wgl-double_heading aleft\"><div class=\"dbl-subtitle\"><span>Unidade 08<\/span><\/div>                <h3 class=\"dbl-title_wrapper\"><span class=\"dbl-title dbl-title_1\">Laci Vinhosa<\/span>                 <\/h3>        <\/div>\t\t<\/div>\n\t\t\t\t<\/div>\n\t\t\t\t<div class=\"elementor-element elementor-element-fe72ad6 elementor-widget elementor-widget-wgl-tabs\" data-id=\"fe72ad6\" data-element_type=\"widget\" data-widget_type=\"wgl-tabs.default\">\n\t\t\t\t<div class=\"elementor-widget-container\">\n\t\t\t        <div class=\"wgl-tabs icon_position-top tabs_align-justify\">\n\n            <div class=\"wgl-tabs_headings\">                    <h4 data-tab-id=\"wgl-tab_2661\" class=\"wgl-tabs_header\">\n                        <span class=\"wgl-tabs_title\">Sobre<\/span>\n\n                        \n                    <\/h4>\n\n                                    <h4 data-tab-id=\"wgl-tab_2662\" class=\"wgl-tabs_header\">\n                        <span class=\"wgl-tabs_title\">Contatos<\/span>\n\n                        \n                    <\/h4>\n\n                            <\/div>\n\n            <div class=\"wgl-tabs_content-wrap\">                    <div data-tab-id=\"wgl-tab_2661\" class=\"wgl-tabs_content\">\n                    <p>A unidade do Laci Laborat\u00f3rio de An\u00e1lises Cl\u00ednicas em Vinhosa \u00e9 um centro de excel\u00eancia no diagn\u00f3stico e monitoramento da sa\u00fade. Com uma equipe especializada e equipamentos de \u00faltima gera\u00e7\u00e3o, oferecemos uma ampla gama de exames laboratoriais para atender \u00e0s necessidades dos pacientes da regi\u00e3o.<\/p><p>Nosso compromisso \u00e9 fornecer resultados precisos e confi\u00e1veis, garantindo um atendimento r\u00e1pido e eficiente. Conte conosco para cuidar da sua sa\u00fade com qualidade e seguran\u00e7a.<\/p>                    <\/div>\n\n                                    <div data-tab-id=\"wgl-tab_2662\" class=\"wgl-tabs_content\">\n                    <p><strong>ENDERE\u00c7O:<br \/><\/strong>RUA BENEDITO NICOLAU, 53 - BAIRRO VINHOSA - ITAPERUNA-RJ<\/p><p><strong>TELEFONES:<br \/><\/strong>(22) 3824-3732 \/ (22) 3824-5390 \/ (22) 3822-0425<\/p><p><strong>WhatsApp:<\/strong> <span style=\"color: #339966;\"><a href=\"http:\/\/wa.me\/5522992028141\" style=\"color: #339966;\">(22) 99202-8141<\/a><\/span><\/p><p><strong>E-MAILS:<\/strong> <br \/>atendimento@laci.com.br<br \/>laci@laci.com.br<\/p>                    <\/div>\n\n                            <\/div>\n\n        <\/div>\n        \t\t<\/div>\n\t\t\t\t<\/div>\n\t\t\t\t\t\t<\/div>\n\t\t\t\t\t<\/div>\n\t\t<\/div>\n\t\t\t\t\t\t\t\t<\/div>\n\t\t\t\t\t<\/div>\n\t\t<\/section>\n\t\t\t\t<section class=\"elementor-section elementor-top-section elementor-element elementor-element-99e94af elementor-section-boxed elementor-section-height-default elementor-section-height-default\" data-id=\"99e94af\" data-element_type=\"section\">\n\t\t\t\t\t\t<div class=\"elementor-container elementor-column-gap-default\">\n\t\t\t\t\t\t\t<div class=\"elementor-row\">\n\t\t\t\t\t<div class=\"elementor-column elementor-col-100 elementor-top-column elementor-element elementor-element-0dd7565\" data-id=\"0dd7565\" data-element_type=\"column\">\n\t\t\t<div class=\"elementor-column-wrap elementor-element-populated\">\n\t\t\t\t\t\t\t<div class=\"elementor-widget-wrap\">\n\t\t\t\t\t\t<div class=\"elementor-element elementor-element-ff83402 elementor-widget elementor-widget-spacer\" data-id=\"ff83402\" data-element_type=\"widget\" data-widget_type=\"spacer.default\">\n\t\t\t\t<div class=\"elementor-widget-container\">\n\t\t\t\t\t<div class=\"elementor-spacer\">\n\t\t\t<div class=\"elementor-spacer-inner\"><\/div>\n\t\t<\/div>\n\t\t\t\t<\/div>\n\t\t\t\t<\/div>\n\t\t\t\t\t\t<\/div>\n\t\t\t\t\t<\/div>\n\t\t<\/div>\n\t\t\t\t\t\t\t\t<\/div>\n\t\t\t\t\t<\/div>\n\t\t<\/section>\n\t\t\t\t<section class=\"elementor-section elementor-top-section elementor-element elementor-element-b5d0c87 elementor-section-boxed elementor-section-height-default elementor-section-height-default\" data-id=\"b5d0c87\" data-element_type=\"section\">\n\t\t\t\t\t\t<div class=\"elementor-container elementor-column-gap-default\">\n\t\t\t\t\t\t\t<div class=\"elementor-row\">\n\t\t\t\t\t<div class=\"elementor-column elementor-col-100 elementor-top-column elementor-element elementor-element-1967202\" data-id=\"1967202\" data-element_type=\"column\">\n\t\t\t<div class=\"elementor-column-wrap elementor-element-populated\">\n\t\t\t\t\t\t\t<div class=\"elementor-widget-wrap\">\n\t\t\t\t\t\t<div class=\"elementor-element elementor-element-adf03d7 elementor-widget elementor-widget-html\" data-id=\"adf03d7\" data-element_type=\"widget\" data-widget_type=\"html.default\">\n\t\t\t\t<div class=\"elementor-widget-container\">\n\t\t\t<iframe src=\"https:\/\/www.google.com\/maps\/embed?pb=!1m18!1m12!1m3!1d3719.92141141269!2d-41.88525042406956!3d-21.19528067895506!2m3!1f0!2f0!3f0!3m2!1i1024!2i768!4f13.1!3m3!1m2!1s0xbc60570ba273b9%3A0x96ec549c2070c878!2sR.%20Benedito%20Nicolau%2C%2053%20-%20Vinhosa%2C%20Itaperuna%20-%20RJ%2C%2028300-000!5e0!3m2!1spt-PT!2sbr!4v1685044906986!5m2!1spt-PT!2sbr\" width=\"600\" height=\"450\" style=\"border:0;\" allowfullscreen=\"\" loading=\"lazy\" referrerpolicy=\"no-referrer-when-downgrade\"><\/iframe>\t\t<\/div>\n\t\t\t\t<\/div>\n\t\t\t\t\t\t<\/div>\n\t\t\t\t\t<\/div>\n\t\t<\/div>\n\t\t\t\t\t\t\t\t<\/div>\n\t\t\t\t\t<\/div>\n\t\t<\/section>\n\t\t\t\t\t\t\t\t\t<\/div>\n\t\t\t<\/div>\n\t\t\t\t\t<\/div>\n\t\t","protected":false},"excerpt":{"rendered":"<p>Unidade 08 Laci Vinhosa Sobre Contatos A unidade do Laci Laborat\u00f3rio de An\u00e1lises Cl\u00ednicas em Vinhosa \u00e9 um centro de excel\u00eancia no diagn\u00f3stico e monitoramento da sa\u00fade. Com uma equipe especializada e equipamentos de \u00faltima gera\u00e7\u00e3o, oferecemos uma ampla gama de exames laboratoriais para atender \u00e0s necessidades dos pacientes da regi\u00e3o. Nosso compromisso \u00e9 fornecer [&hellip;]<\/p>\n","protected":false},"author":1,"featured_media":0,"parent":0,"menu_order":0,"comment_status":"closed","ping_status":"closed","template":"","meta":{"footnotes":""},"class_list":["post-2951","page","type-page","status-publish","hentry"],"_links":{"self":[{"href":"https:\/\/laci.com.br\/site\/wp-json\/wp\/v2\/pages\/2951","targetHints":{"allow":["GET"]}}],"collection":[{"href":"https:\/\/laci.com.br\/site\/wp-json\/wp\/v2\/pages"}],"about":[{"href":"https:\/\/laci.com.br\/site\/wp-json\/wp\/v2\/types\/page"}],"author":[{"embeddable":true,"href":"https:\/\/laci.com.br\/site\/wp-json\/wp\/v2\/users\/1"}],"replies":[{"embeddable":true,"href":"https:\/\/laci.com.br\/site\/wp-json\/wp\/v2\/comments?post=2951"}],"version-history":[{"count":8,"href":"https:\/\/laci.com.br\/site\/wp-json\/wp\/v2\/pages\/2951\/revisions"}],"predecessor-version":[{"id":2968,"href":"https:\/\/laci.com.br\/site\/wp-json\/wp\/v2\/pages\/2951\/revisions\/2968"}],"wp:attachment":[{"href":"https:\/\/laci.com.br\/site\/wp-json\/wp\/v2\/media?parent=2951"}],"curies":[{"name":"wp","href":"https:\/\/api.w.org\/{rel}","templated":true}]}}